hat is the highest common factor of d and 18?
6
Let c = -135 + 146. What is the greatest common factor of 44 and c?
11
Let p(g) = -g**3 + 2*g**2 + 3*g + 4. Let z be p(3). Suppose -m = c - 4 - z, -32 = -4*m - 3*c. What is the greatest common factor of 1 and m?
1
Suppose -4*p = -3*p - 3. Let n be p/((-6)/(-208)) - -1. Let m = -13 + 28. Calculate the highest common factor of m and n.
15
Let s(b) = -b**3 + 7*b**2 + b - 1. Let r be s(6). Suppose 2*h = 5*g + r, 0*h - 5*g - 80 = -5*h. What is the greatest common factor of h and 143?
13
Suppose 3*s + z + 0*z - 25 = 0, 2*z = 5*s - 38. Let h be ((-12)/(-5))/(12/40). Calculate the highest common factor of s and h.
8
Suppose 5*j - 28 = 62. Suppose -3*s + 0*s + 5*x = 14, 3*x - j = -3*s. Let n = 3 + s. Calculate the highest common divisor of n and 2.
1
Let w(z) = 2*z**2 - 5*z - 6. Let n be w(-6). Suppose -5*a + a = -n. What is the greatest common factor of 8 and a?
8
Let c be (-4)/(-14) + -5 + 450/42. What is the highest common factor of 24 and c?
6
Let b(p) = -29*p + 1. Let a be b(-1). Calculate the highest common factor of 60 and a.
30
Let n(w) = w**2 - 4*w + 6. Let h be n(-5). Calculate the highest common factor of 17 and h.
17
Suppose 0 = 3*r + 3*v, -4*r + 3*v + 15 = 2*v. Let f = 62 + -26. Suppose s = f - 3. What is the greatest common factor of r and s?
3
Suppose -4*j + k + 10 = 0, 2*j + 2*k - 9 = 1. Let h be (-22)/88 + (-114)/(-8). Let p = h - 13. What is the highest common factor of p and j?
1
Suppose 3*s - 35 = -a, -2*s - 2*a + 3*a + 25 = 0. Suppose -6 = k - s. Calculate the greatest common factor of k and 15.
3
Let q(k) = 4*k**2 + 5*k + 1. Let t be q(4). Suppose -5*v = 4*c - 75 - 81, 4*c - 2*v = 128. Calculate the greatest common factor of t and c.
17
Suppose 2*z + 0 = 10. Suppose -z*u - 13 - 2 = 0. Let y be u + 10 + (0 - 3). What is the greatest common factor of 2 and y?
2
Suppose 3*b = -y - 0*y + 14, 2*b + 4*y = 16. Suppose 12 - b = 4*d. Let g be (d - 12)*(-48)/5. What is the greatest common divisor of g and 12?
12
Let i be 4 + -2 - (-2)/2. What is the highest common divisor of 33 and i?
3
Let m = -69 + 74. Calculate the greatest common factor of m and 5.
5
Let m(a) = 3*a + 1 - 2 - 5 + a**2. Let b be m(4). Suppose 66 = 2*j - 0*j + i, -3*i - 132 = -4*j. Calculate the greatest common divisor of b and j.
11
Let q be 3/(18/12)*(-18)/(-4). What is the highest common divisor of 3 and q?
3
Suppose -3*a - 2*a + 75 = 0. Let t be (-4*(-6)/32)/((-5)/(-100)). Calculate the greatest common divisor of t and a.
15
Let f(s) = -2*s - 7. Let x be f(-7). Suppose 2*w - 294 - 94 = 0. Let b be (-8)/(-28) + w/7. What is the greatest common factor of b and x?
7
Let v(b) = b**2 - 2*b + 15. Let u be v(3). What is the highest common divisor of 81 and u?
9
Suppose o = 2*o - 26. Let y be (-27)/(-2) - (-3)/(-6). Let l = 0 + y. Calculate the highest common factor of o and l.
13
Let m(h) be the third derivative of h**4/24 - h**3/6 - 2*h**2. Let z be m(-3). Let d be (-6)/(-3)*(-154)/z. What is the highest common factor of 7 and d?
7
Let v(d) = d**3 + 21*d**2 + 13*d - 25. Let s be v(-20). What is the highest common factor of 5 and s?
5
Let l(o) = o**2 + 5. Let w be l(4). Calculate the greatest common factor of w and 21.
21
Let c be 20 - (3 - -1) - (-4 - -6). What is the greatest common factor of c and 126?
14
Let f(k) = k**2 - 18*k + 10. Let h(p) = p + 1. Let l(o) = f(o) + 5*h(o). Let x be l(12). Let w = x + 3. Calculate the highest common divisor of 6 and w.
6
Let g be (-4 + 5)*(1 + 1). Suppose w = 2, -4*o - g*w + 3*w = -14. Calculate the highest common divisor of 2 and o.
2
Suppose 0 = 5*s + 2*s - 7. What is the greatest common divisor of 9 and s?
1
Let f(k) = -60*k. Let l be f(-1). Suppose 0 = -r + 1 + 14. Suppose b - 5 = r. Calculate the greatest common factor of l and b.
20
Suppose 5 = -5*v - 45. Let u be ((-6)/3)/(v/35). What is the greatest common divisor of 14 and u?
7
Let l(o) = -o - 1. Let k be l(-3). Suppose k*a - a = 21. Calculate the greatest common factor of 14 and a.
7
Let n be (4*(-12)/(-4))/2. Calculate the highest common factor of n and 78.
6
Suppose -2*r - 4 + 18 = 0. Calculate the greatest common factor of r and 28.
7
Let g(p) = p**3 - 8*p**2 - 8*p - 5. Let i be g(9). Let o be 138/i*8/12. Calculate the highest common divisor of o and 23.
23
Let n(b) = b**3 + 13*b**2 + 3*b. Let o be n(-11). Calculate the greatest common divisor of o and 19.
19
Let s(d) = -d**3 + 9*d**2 + 6*d - 9. Let x be s(9). What is the highest common divisor of x and 18?
9
Suppose 1 = s, 2*x = 5*x + 2*s - 56. What is the greatest common factor of x and 24?
6
Suppose -6*x = -5*x - 21. Calculate the greatest common divisor of x and 84.
21
Let c be ((-36)/15)/(15/(-50)). Let d = -5 + 2. Let r be 4/((-4)/d + -1). What is the greatest common factor of r and c?
4
Let i = 268 - 190. Calculate the greatest common divisor of 39 and i.
39
Suppose 5*r = 2*d + 638, -3*r - 2*d + 5*d + 390 = 0. What is the highest common divisor of r and 14?
14
Suppose 4*y + 517 - 1741 = 0. Suppose -66 + y = 4*v. Suppose 0*z = 5*z - v. What is the highest common divisor of 30 and z?
6
Suppose 0 = 5*i + 4*a - 16, 4*i - 4*a + 0*a = -16. Suppose 3*t - 28 - 80 = i. What is the greatest common factor of 4 and t?
4
Suppose m + v - 67 = 0, -65 = -m - 5*v + 2*v. Let y = m + -44. What is the greatest common factor of y and 16?
8
Let h(b) = -b**2 + 3. Let y be h(0). Suppose 100 = -y*r + 4*r. What is the highest common divisor of r and 20?
20
Let v = -25 - -133. Suppose -7*o = -4*o - v. Suppose 2*u - 11 = -3. What is the greatest common factor of u and o?
4
Suppose -y = -3 + 2. Let c be 3 - (-1)/2*-14. Let f be 2/c + 34/4. Calculate the highest common divisor of y and f.
1
Suppose -2*v = z + 1, 3*v - 6 = -3*z + 6. Let a = z - 1. Calculate the greatest common divisor of a and 1.
1
Let p = 105 + -97. Suppose 0 = -5*q + s + 27 + 336, 0 = 2*q - 4*s - 156. Calculate the highest common factor of p and q.
8
Let b(k) = k + 34. Let d be b(-18). What is the greatest common factor of d and 112?
16
Let r be (-4 + 1)/((-2)/6). Suppose -o + 0*o = -r. Let w = 63 - 54. Calculate the highest common factor of o and w.
9
Let q = 4 - -11. Suppose s + 4*k = k - 3, s - q = 3*k. Let o = s - -3. What is the greatest common divisor of o and 3?
3
Let t = -7 - -12. Let v(c) = -c**3 - c**2 + 4*c + 7. Let i be v(t). Let l = -83 - i. Calculate the greatest common factor of l and 60.
20
Let c(m) = 3 - 3 - 1 + 24*m. Let f be c(1). What is the highest common factor of 161 and f?
23
Suppose 156 = 3*a - 66. Suppose -4*f = -2*n + a, 2*f - f = 3*n - 6. Let s be f/2*(-8)/6. What is the greatest common divisor of 35 and s?
7
Let n be (6/4)/(15/50). Let g(y) = 8*y - 4 - 3 + 2*y**2 + n. Let b be g(-7). What is the highest common factor of b and 16?
8
Let j = -3 - -11. Let i be j/((-24)/(-9) + -2). Let b = -23 + 41. What is the greatest common divisor of i and b?
6
Suppose -3*c + 6 = -t, -12 = -0*c - 2*c - 2*t. Let r = 3 + 0. Calculate the highest common factor of r and c.
3
Let w = 2 + 4. Let i = w - 2. Suppose n = -3*n + i. Calculate the greatest common divisor of n and 7.
1
Let i be 8 - (-36)/(-6) - 73*-1. Calculate the greatest common divisor of 25 and i.
25
Suppose 3*c + 10 = 5*c. Let q = 5 - 1. Suppose -5 - 9 = -5*x + 3*w, q*x - 26 = -c*w. What is the greatest common factor of x and 1?
1
Suppose 0 = 4*k + 3*f - 24, -4*f - 3 = -5*k + 27. Let t be 4*(-2)/((-4)/3). What is the highest common divisor of k and t?
6
Let m = 2 + 3. Suppose 3*p + m*x - 8 = 0, 0 = 5*p + 2*x - 8 - 18. Let i(u) = 9*u - 3. Let d be i(2). Calculate the greatest common factor of p and d.
3
Let r be 3/12 + (-30)/(-8). Let a = -38 + 46. Calculate the highest common factor of r and a.
4
Let a(f) = -f**3 + 4*f**2 + 3. Let y be a(5). Let v be (2/4 - 4)*y. What is the highest common factor of v and 11?
11
Let k(g) = -4*g. Let w be k(-10). What is the highest common divisor of 10 and w?
10
Suppose -5 = m - 4*o + 13, -2*m - 2*o + 14 = 0. Suppose 2*h - 10 = -4*f - 0, 11 = 5*f + h. What is the greatest common factor of m and f?
2
Suppose 135 = 4*g + 2*p + p, -4*g - p = -125. Suppose 0*m + 4*m = 0. Let h = g + m. Calculate the highest common factor of 15 and h.
15
Let c = 7 + 3. Calculate the greatest common factor of c and 70.
10
Suppose 4*j + 558 = 4*